3*k = -c + 16, -4*k - 4*c = 20. Let g be d(k). Let n(a) = 13*a**2 - 13*a**2 + a**2 + 4*a**2 - a**3 - a - 2. Give n(g).
13
Let b(g) be the third derivative of g**6/120 - g**5/10 - g**4/3 + g**3 - 25*g**2 - 6*g. What is b(7)?
-1
Let g(s) = -s**3 - 4*s**2 + 4*s + 3. Let i = 8 - 5. Let o(c) = 0*c - c - i*c - c**2 + 3*c + 1. Let w be o(2). Calculate g(w).
8
Let r(z) = -3*z + 13. Let o(h) = 7*h - 26. Let d(c) = -2*o(c) - 5*r(c). Calculate d(14).
1
Let a be (-27)/6*8/6. Let t(c) = 5*c**3 + 5*c**2 - 9*c. Let x(b) = -2*b**3 + b + 1. Let g(p) = -t(p) - 2*x(p). What is g(a)?
-8
Let k be 6/9*(-18)/4. Suppose -x + 2*x - 2 = 0. Let s(v) = -3*v**3 - 2*v**x - 4 - v**3 + 3*v**3 + 3*v. What is s(k)?
-4
Let y(i) = i - 7. Let r(t) = -177*t**2 + 1. Let s be r(1). Let j(x) = -x**3 - 11*x**2 - 16*x. Let w be j(-10). Let o be 8/w + s/(-30). What is y(o)?
-1
Let c(d) = -d + 3*d + 1281797 - 1281789. What is c(0)?
8
Let i(c) = c - 1. Let n(z) = 6*z**2 - 8*z - 7. Let k(x) = 5*x**2 - 7*x - 6. Let g(f) = -5*k(f) + 4*n(f). Let y(a) = -g(a) + 2*i(a). Calculate y(4).
8
Let r(k) = -k**2 - 3*k + 1. Let u(i) = -i**2 - 7*i + 9. Let f(o) = -2*r(o) + u(o). What is f(0)?
7
Let r(i) = -7*i - 9. Let v = -41 + 34. Let j(g) = -10*g - 13. Let b(h) = v*r(h) + 5*j(h). Calculate b(2).
-4
Let y = 202 - 206. Suppose -2*l + 18 = -0*l - 4*b, -3 = l + 2*b. Let q(g) = 2*g + l + 2 - g - 2. What is q(y)?
-1
Let g(b) = -b**2 - 13*b + 2. Let z be g(-13). Let t(d) = -d**2 + 1 + 39*d - 17*d - d**z - 23*d. Give t(-2).
-5
Let z = 4 - -6. Suppose 4 = z*u - 8*u. Let j(x) = 3*x**2 + 5*x + 6. Let b(h) = -4*h**2 - 6*h - 7. Let r(c) = 4*b(c) + 5*j(c). What is r(u)?
0
Let q(v) = 2*v**2 + 15*v + 19. Let s be q(-2). Let r(t) = -3*t**2 - 2*t + 3. Let g(p) = 13*p**2 + 8*p - 12. Let d(b) = -2*g(b) - 9*r(b). Calculate d(s).
0
Suppose 4*f = 7*f - x + 12, 3*x - 6 = -f. Let d(s) = 3*s**2 + 8*s. Calculate d(f).
3
Let i(x) = 1 + 0*x**2 - 13*x**2 + x**2. Suppose 90 = -20*d + 25*d. Let b = 19 - d. Determine i(b).
-11
Let k(r) = -4*r - 19. Let h = -309 - -303. Give k(h).
5
Let v(k) = 9*k**2 + 6*k - 1. Let w be v(-1). Let o(g) = g + 4. Determine o(w).
6
Let f(n) = n - 2. Let m(y) = -1. Let i(p) = f(p) - 3*m(p). Let j(x) = 60*x - 1914. Let d be j(32). Calculate i(d).
7
Let m(d) = d**2 + 19*d + 12. Suppose -53 - 73 = 7*n. Give m(n).
-6
Let w = -154 - -148. Let v(r) = -r**3 - 7*r**2 - 8*r + 6. Calculate v(w).
18
Suppose 0 = -i + 2 - 3. Let j(r) = 7*r + 8. Let q(w) = -12*w - 14. Let n(a) = 7*j(a) + 4*q(a). What is n(i)?
-1
Let l be (22/(-55))/(1/(-10)). Let d(u) = 6*u + 3. Give d(l).
27
Let a be ((-4)/(-3))/(2/(-9)). Let l(w) = -w**3 + 8*w**2 + 10*w - 3. Let i be l(9). Let p(k) = 0*k + i*k**2 - 2*k - 9 - k + k**3. Calculate p(a).
9
Suppose 0 = -4*s + 8*s - 4. Let r(z) be the second derivative of 0 + 0*z**3 + 2*z + 1/2*z**4 + 1/2*z**2. Calculate r(s).
7
Let o(s) be the second derivative of -s**3/6 - 7*s**2 + 2*s. Let b(u) = -u + 6. Let p be b(2). Let h(z) = -2*z - 27. Let v(n) = p*h(n) - 7*o(n). Give v(-6).
-4
Let u(m) = -m**2 + 3*m - 1. Let o(d) = -4*d - 2. Let v be o(1). Let c be (-96)/(-18) + 2/v. Give u(c).
-11
Suppose -s - y = 1, -2*y - 2*y = -4*s - 36. Let x(h) be the second derivative of h**4/6 + 7*h**3/6 + 139*h + 4. What is x(s)?
15
Let q(i) be the first derivative of i**3/3 - 15*i**2/2 - 14*i - 158. Give q(16).
2
Let t(o) be the third derivative of o**5/24 + 4*o**3/3 - 5*o**2. Let x(n) be the first derivative of t(n). Give x(1).
5
Suppose -5*u - 5 = -15. Let k be (-1 - -2)/((-1)/(-107)). Let c(g) = -k + 106 - g + 5*g - 3*g. Calculate c(u).
1
Let y(m) = -2 + 6*m - 9*m - 1 + 6 - m**2 + 2. Calculate y(-5).
-5
Let q(x) = x**3 - 6*x**2 + 3*x + 4. Let t(o) = -7 - 7*o**2 + 8*o - 6*o**2 + 12*o**2. Let f be t(6). Determine q(f).
-6
Let s(c) be the third derivative of c**5/30 + 5*c**4/24 + 2*c**3/3 - 23*c**2 + 2. Give s(-4).
16
Let i(l) = l**2 + 4*l + 3. Suppose 0 = -2*g + 5*g - 6, -4*z + 3*g = -34. Suppose -t + 3*t - z = 0. Let x be (t - 0)*(-4)/5. What is i(x)?
3
Let y(j) = -j**3 - j + 4. Let t = -14 + 18. Suppose -t*d + 27 - 75 = 0. Let l = -12 - d. Calculate y(l).
4
Suppose 2*i + p = 10, 4*i + p - 3*p = 20. Let x(l) = l**3 - 5*l**2 + 3*l - 5. Give x(i).
10
Let t(c) be the third derivative of c**6/120 - c**5/30 + c**4/8 + 103*c**2 + 1. Give t(2).
6
Let z(q) = q - 5. Let n be z(9). Let k(o) = -1 - n*o**2 - 2*o - 64*o**3 + 65*o**3 - o + 0. Calculate k(5).
9
Let f(s) = s**2 + 12*s - 10. Let o(c) = -4*c**2 - 49*c + 39. Let r(w) = 9*f(w) + 2*o(w). Determine r(-11).
-1
Suppose f - 2*l = -9, 7 - 8 = l. Let y(i) = i**3 + 12*i**2 + 14*i + 5. Give y(f).
-28
Let i(v) be the first derivative of -2*v**2 + 17*v + 177. What is i(9)?
-19
Suppose -48 + 188 = 10*u. Let t(k) = -k**2 + 13*k + 15. Calculate t(u).
1
Suppose -4*i + 8 = -2*w - 6*i, 12 = -3*i. Suppose 4*d = 5*d - y - 6, w = -2*y - 6. Let h(u) = -2*u**3 + 5*u**2 - 3*u - 3. What is h(d)?
-21
Let b(v) = -7*v + 5. Let i(c) = 8*c - 5. Let g(k) = -7*b(k) - 6*i(k). Let u be 2*-7*(-6)/12. Suppose 0*m = m - u. Give g(m).
2
Let f(v) = 3*v. Suppose 4*r = 4*q - 12, 25 = -5*r + 3*q + 4. Give f(r).
-18
Let l = 19 + -17. Let c(u) = -2 - 45*u**l + 47*u**2 + 2*u**3 - u**3 - 2*u. Give c(-3).
-5
Suppose -43 + 73 = -6*f. Let p(x) be the first derivative of x**2/2 + 6*x + 1. Calculate p(f).
1
Suppose -593*s + 17 = -576*s. Let x(r) = 10*r - 1. Determine x(s).
9
Suppose -9*j - 20 = -19*j. Let l(m) = -112*m - 2*m**j - 1 + 62*m + 52*m + m**2. Determine l(-2).
-9
Suppose -2*k + 4*k - 2*x - 18 = 0, 0 = -k - x + 11. Let m(j) = j - 12. Determine m(k).
-2
Let x(d) = -d**3 + 7*d**2 + 3*d - 7. Let u be x(7). Suppose 3*h = -u - 16. Let m(a) = -a - 14. Determine m(h).
-4
Let m(d) = d**2 - 4*d + 8. Let h(q) = -5*q + 10. Let a(x) = 4*h(x) - 5*m(x). Calculate a(1).
-5
Let x(t) = -t - 1. Let d(g) = -11. Let w(r) = d(r) + x(r). Calculate w(-6).
-6
Let d be (-21)/(-14)*4/(-6). Let c be (-1)/d - (-8 + 8). Let v(g) = -7*g**2 + g - 2. Let n(h) = -h**2 - h + 1. Let l(q) = c*v(q) + 2*n(q). What is l(1)?
-10
Let b(z) = z - 7. Let h(m) = m**2 + 10*m - 53. Let r be h(-14). Determine b(r).
-4
Let l(f) = -2*f - 6. Suppose t + d - 8 = -1, -25 = -5*t + 5*d. Calculate l(t).
-18
Let a(m) = -11*m - 3. Let j be a(-3). Suppose 16 = i + 2*i + 2*x, 5*i + 5*x - j = 0. Suppose -i = -o - 9. Let c(t) = t + 3. What is c(o)?
-2
Let w(c) = -c**2 - 4*c + 1. Suppose 6 = -2*y, -6*q - 3*y = -2*q - 11. Suppose 4*b - 3*h = 3*b + 4, 10 = b - q*h. Give w(b).
-4
Suppose 2*p + 37*k - 33*k = -8, p = 4*k - 4. Let z(o) = 3*o - 5*o - 7 + o. Determine z(p).
-3
Let r(g) = -g**2 - 3*g. Let k be r(-3). Suppose k = 8*l - 3*l - 0*l. Let y(t) = -t + 2. Calculate y(l).
2
Let j(g) = g**3 - g**2 + 18*g - 6. Let n be j(0). Let d(f) = f**2 + 4*f + 5. What is d(n)?
17
Let h be ((-7)/(42/(-9)))/((-4)/24). Let k(v) = 2*v + 7. Determine k(h).
-11
Let x(s) be the second derivative of -s**4/12 - s**3/6 - 5*s**2/2 - 136*s. Determine x(0).
-5
Suppose 3*p = -2 - 10. Let z(w) be the first derivative of 1/3*w**3 - 2 + 3*w**2 + 6*w. Calculate z(p).
-2
Let m = 16 + -7. Let q be (-4)/(-6)*m/2. Let t(g) = -9*g - 48*g**3 + 47*g**q - 7*g**2 + 3*g - 7. Determine t(-6).
-7
Let t be 2*(-7)/(-42)*-15. Let n(b) = -7*b - 6. Calculate n(t).
29
Let n(m) = -40*m - 39*m - 46*m + 3 + 130*m. Determine n(4).
23
Let w(u) = -u**2 + 32*u - 6. Let n be w(32). Let s(f) be the third derivative of -1/12*f**4 + 0*f + 1/10*f**5 + 0 + 3*f**2 - 4/3*f**3 + 1/120*f**6. Give s(n).
4
Suppose z + 4*z - 5 = 0. Let a be 10*z*9/(-18). Let r(p) = p**3 + 5*p**2 + p + 7. Determine r(a).
2
Let y(i) = -i**3 - 11*i**2 + 3. Let b be y(-11). Suppose -g = b*g + 8. Let x be -3*(-1)/6*g. Let u(f) = 4*f**3 + 2*f**2 + f. Calculate u(x).
-3
Let i(z) be the third derivative of -5/6*z**3 + 1/60*z**5 + 0 + 15*z**2 + 0*z - 1/3*z**4. What is i(6)?
-17
Let o be 2/8 - (-131)/4. Suppose 4*k - 36 = -2*w, -3*k - 2*w + o = w. Let f(t) = 3*t + 71*t**2 - 25*t**2 + 4 - 11*t - 21*t**2 - 24*t**2. Determine f(k).
-3
Let f be (1 + -1)/(-3 + -1). Suppose -j - j + 6 = f. Suppose 0 = j*s - o - 10 - 11, 12 = -4*o. Let l(m) = -m**2 + 6*m + 1. Give l(s).
1
Let p(g) = -2*g**2 + 2*g - 1. Suppose -5*l + 30 = j, 0 = -l - 0*j - j + 10. Let z(o) = -o**2 + o - 1. Let s(r) = l*z(r) - 3*p(r). What is s(-3)?
10
Let q(l) = -l**2 - 3*l - 4. Let t be (-585)/(-25) - (-2